 -26*d - 22. Let n be j(-1). Suppose -n*f = -2*v + 1948, 19*f + 1952 = 2*v + 16*f. What are the prime factors of v?
2, 491
Suppose 1125 = 11*z + 311. Suppose -l + 424 = i - z, 3*i + 5*l = 1500. List the prime factors of i.
3, 5, 11
Let v be (52/65)/(2/5). Let q be (1 + v)*(-1 + 5). Suppose 8*m - q*m + 256 = 0. What are the prime factors of m?
2
Let a be 56133/54*(-8)/(-6). Suppose -39*v + a = -33*v. What are the prime factors of v?
3, 7, 11
Let p(r) = -r**2 + 139*r - 550. List the prime factors of p(60).
2, 5, 419
Let m be 18/((1/(-3))/(1/(-1))). Let i = 56 - m. Suppose 3*q = i*r - r + 443, 0 = 4*r - 16. List the prime factors of q.
149
Let g = -89429 + 129457. What are the prime factors of g?
2, 10007
Let h(l) be the third derivative of l**4 + 1253*l**3/6 + 4*l**2 + 27*l. List the prime factors of h(0).
7, 179
Let s = 3455 - -288. Suppose -s = -5*r + 4117. List the prime factors of r.
2, 3, 131
Let w be 139/4 + 0 + (-2)/(-8). Suppose 39*y - w*y = 472. What are the prime factors of y?
2, 59
Suppose 0 = -19*v + 3*v + 240. Suppose -22*u + v*u = -1582. List the prime factors of u.
2, 113
Suppose 57301 = 4*y - 39547. What are the prime factors of y?
2, 6053
Let d(l) = l**3 + 7*l**2 - 4*l + 21. Let b be 408/(-168) - 4/7. Let i be (4 + b)*20/(-4). List the prime factors of d(i).
7, 13
Let p = 265 - 263. Suppose 0*k - 27 = -p*g + k, g + 5*k - 19 = 0. List the prime factors of g.
2, 7
Let w = -316 - -336. Suppose -w*c + 7188 = -8*c. What are the prime factors of c?
599
Let y = 91 + -99. Let r be 0 - (-5 - (5 + y)). Suppose 5*l - 43 = 5*v + 127, 99 = 3*l - r*v. List the prime factors of l.
31
List the prime factors of (4*165/80)/(30/18320).
2, 11, 229
Let g be (12/6)/(4/146). Suppose -4 = 4*w, -g*w = -2*m - 77*w + 1888. What are the prime factors of m?
2, 11, 43
Suppose 111*x + 30857 = -11101. Suppose -2*c = -3*c - 189. Let w = c - x. List the prime factors of w.
3, 7
Let i = 192 - 143. Let q = 60 + i. What are the prime factors of q?
109
Let l(v) = -9*v**2 - 32*v - 4. Let n be l(-3). Let c(j) = -10*j**2 - 19*j + 11 + j**2 - 4*j**3 + 5*j**3. List the prime factors of c(n).
2, 11
Suppose -4*h - h = -65*h + 4638600. What are the prime factors of h?
2, 3, 5, 859
Let x(a) = -9*a + 4. Let m be x(0). Suppose y + 101 = 2*h, m*y - 5*h = -9*h - 380. Let s = 152 + y. List the prime factors of s.
5, 11
Suppose 103*r - 606963 - 935325 = -29*r. What are the prime factors of r?
2, 23, 127
What are the prime factors of (62 - 20476)*(-2)/4 - -1?
2, 11, 29
Suppose 10*c + 49 - 69 = 0. What are the prime factors of (1869/(-15))/(((-6)/15)/c)?
7, 89
Suppose 0 = q - 3*h - 58450, 5*q - 10*h = -5*h + 292160. What are the prime factors of q?
37, 1579
Let b = 17 + 5. Let u be (0 - -3 - 0)/((-11)/44). Let w = b + u. What are the prime factors of w?
2, 5
Suppose 843908 - 321224 = 5*w + 7*w. What are the prime factors of w?
3, 14519
What are the prime factors of (-9)/(54/13480)*10/(-15)*9?
2, 5, 337
Let t be 0 - (-1 + (-19)/5)*10. Suppose 0 = -m - 4*g - t + 556, 3*m - 1533 = -3*g. What are the prime factors of m?
2
Suppose 2*x = -29095 - 16727. List the prime factors of 12/(-21) + x/(-49).
467
Let w = -356 + 344. List the prime factors of 2/((w/(-2))/60).
2, 5
Let j be 1 + -6 + 9 - -8. Let c = 7 + -9. List the prime factors of c + -1 - -21*40/j.
67
Suppose 0 = 5*c - 5*k - 25, -5*c + 37 = -3*k + 4. Suppose 0 = 3*n + 2*x + 181, 8*n - 5*n = -3*x - 180. Let y = c - n. What are the prime factors of y?
2, 5, 7
Let u be (24/(8 + -4))/(3/2). Suppose -3*k = -4*i + 30 - 10, 4 = -u*i - 3*k. Suppose -27 = -x + i. What are the prime factors of x?
29
Let p be (4 - 6)*(-4)/((-24)/(-21)). Let y = p + 187. List the prime factors of y.
2, 97
Let y(w) = w**3 + 11*w**2 - 28*w + 18. Let o be y(-14). Let k = o + 185. What are the prime factors of k?
7
Suppose 62*z = 198*z - 1179664. List the prime factors of z.
2, 4337
Let m = 721 - 733. List the prime factors of (-12 - 4446/36)*1*m.
2, 3, 271
Let t = 8512 - 8029. List the prime factors of t.
3, 7, 23
List the prime factors of ((-30879)/(-6))/((-45)/(-110)*(-88)/(-48)).
2, 47, 73
What are the prime factors of (-31 - 2128/(-48))*549/4?
2, 3, 5, 61
Suppose -85*k + 38495 = -67840. What are the prime factors of k?
3, 139
Let j = 106 + -104. What are the prime factors of 27850/75 + j/3?
2, 3, 31
Let s = 139 - 91. Let m = s + -49. Let p(c) = -58*c - 2. List the prime factors of p(m).
2, 7
Let b be 3 - (-1 + -2) - (4 + -1). Suppose j - t = -14, -j - 12 = -b*t + 6. List the prime factors of 10/15*j/(-2) - -33.
37
What are the prime factors of ((-256)/(-6))/(9217/288 + -32)?
2, 3
Let y be -3*(-940)/(-75) - (-3)/5. List the prime factors of y/(-148) - 267/(-4).
67
Let a(o) = -15*o - 203. Let b be a(-13). List the prime factors of ((-12)/5)/(-4*b/(-15600)).
2, 3, 5, 13
Suppose -66889 = -5*w - 4*c, w + 3056 = -3*c + 16436. List the prime factors of w.
3, 7, 13
Suppose -13*i - 1 - 129 = 0. Let b(z) = -z**3 - z**2 + 2*z + 2. What are the prime factors of b(i)?
2, 3, 7
Suppose -6*z + 2*z - 2*r = -14, 5*z - 5*r = 25. Suppose -z*l + 0 - 4 = 2*m, 0 = -3*m - 4*l - 2. Let q = m - -32. What are the prime factors of q?
2, 17
Suppose 3 = -6*c + 3*c, 1113 = -4*a - c. Let f = 681 + a. List the prime factors of f.
13, 31
Let x = -340 - -367. Suppose -12420 = -36*h + x*h. What are the prime factors of h?
2, 3, 5, 23
Suppose 131*m - 845514 + 200732 = 0. List the prime factors of m.
2, 23, 107
Let u = -84 + 6692. What are the prime factors of u?
2, 7, 59
Let d(r) = 82*r**2 + 34*r + 89. Let y be d(-3). Let u = y + 491. What are the prime factors of u?
2, 19
Let s(f) = -f**2 - 23*f - 18. Let d be s(-20). List the prime factors of 8/84 + 34982/d.
7, 17
Suppose 2*g + 16 = -3*t, -t + 6 = 2. List the prime factors of ((-6)/16*g)/((-8)/(-64)).
2, 3, 7
Suppose 36*j - 33*j + 8135 = 2*k, -2*k - 4*j = -8142. List the prime factors of k.
13, 313
Let u(w) = 13*w**2 + 277*w + 157. What are the prime factors of u(-44)?
3, 29, 151
Suppose 14 = 12*b - 5*b. Suppose b*p - 961 = -37. List the prime factors of p.
2, 3, 7, 11
Suppose 4*c + 7784 = 4*r + 8*c, 4*r - 7784 = 4*c. What are the prime factors of r/26 - ((-96)/(-104))/(-6)?
3, 5
List the prime factors of 805677/33 + 96/176.
5, 19, 257
Suppose -4*k + 5*k + 2 = -a, 0 = -4*k + 5*a + 28. Let m = 3 + k. Suppose 0 = m*x - 2*o - 227, -o + 34 = -2*x + 124. What are the prime factors of x?
47
Let t(m) = -22*m + 1438. List the prime factors of t(17).
2, 7, 19
Let n(r) = -85*r**2 - 15. Let x be n(5). Let y be (x/12)/((-8)/12 - -1). List the prime factors of 3/(-54)*3 - y/6.
89
Let h = -145 + 150. What are the prime factors of ((-16)/(-5))/8*h?
2
List the prime factors of -208*(-1 - 0)*(-3537)/(-18).
2, 3, 13, 131
Suppose 5*g - 210902 = -5*z + 105618, -3*g - 63324 = -z. List the prime factors of z.
3, 47, 449
Let q be (-2 - -550)*(-3)/(-2). Let s = -340 + q. List the prime factors of s.
2, 241
Suppose -21*i - 14*i + 175 = 0. Suppose 0 = -b + 4*h + 431, -4*b - 3*h + i*h = -1794. What are the prime factors of b?
11, 41
Let b(a) = 64*a + 1. Let d be b(4). Suppose h = -0*h + 5. Suppose 5*j = -3*y + d, 0*j + y - 249 = -h*j. List the prime factors of j.
7
Suppose 4*p + 3*p - 63 = 0. Let q(j) = 5*j**2 + 4*j - 23. List the prime factors of q(p).
2, 11, 19
Let s be (3/2)/((-7)/(-14)). Suppose 0 = -20*p + 21*p + s. What are the prime factors of (268/(-6))/(p/9)?
2, 67
Let m(j) = -16*j + 6187. List the prime factors of m(0).
23, 269
Let j(p) = 3*p + 6. Let w be j(8). Let k(d) = 0*d + 89*d**2 - 4*d - w + 27. What are the prime factors of k(-1)?
2, 3, 5
What are the prime factors of -18 + (-7)/((-49)/127806)?
2, 3, 5, 19
Suppose -5*a = -m - 1882 + 5442, 3*a - m + 2138 = 0. Let r = a + 1397. What are the prime factors of r?
2, 7
Let q(b) = -12282*b + 730. List the prime factors of q(-2).
2, 12647
Let j(n) = -1. Let f(m) = 93*m**3 - m**2 - m - 2. Let i(o) = -f(o) + j(o). Let k be i(-1). Suppose -5*d - k = -7*d. List the prime factors of d.
47
Suppose -13*o = -10*o - 5*p - 34612, 46160 = 4*o - 4*p. What are the prime factors of o/130 - 2/(-10)?
89
Let v(s) = -s - 9. Let f be v(-5). Let c be (-195)/26*f/10. Suppose -449 = -5*x - 3*a, -4*a + 3 - 284 = -c*x. List the prime factors of x.
7, 13
Let v = 9599 - -9715. What are the prime factors of v?
2, 3, 29, 37
Let t(w) 